remainder when k is divided by 15?
13
Let h = -20 + 40. Suppose 0 = -3*q - 4*q + 84. What is the remainder when (-2 + -72)*q/(-24) is divided by h?
17
Suppose d + 0*d = 2*r + 70, 3*r - 237 = -3*d. What is the remainder when 318 is divided by d?
14
Let u(x) = -3*x + 15. Let g = 519 - 537. Calculate the remainder when u(g) is divided by 18.
15
Suppose -4613 = -29*r + 12671. Calculate the remainder when 596 is divided by r.
0
Let z(n) be the first derivative of 3*n**3 + 7*n**2/2 + 18*n - 296. Calculate the remainder when z(-4) is divided by 10.
4
Suppose -9 = w - 22. Suppose 0 = -9*u + w*u. Suppose i + 5 = u, i - 7 = -4*b + 2*b. Calculate the remainder when b is divided by 4.
2
Let x = -1568 + 1639. Calculate the remainder when x is divided by 25.
21
What is the remainder when 2294 is divided by (646/1)/19*2/4?
16
Suppose 5*s = 4*v + 1709, -368*s = -364*s + 5*v - 1359. What is the remainder when s is divided by 39?
29
Suppose -3*q + 1071 = 5*b, 46*b - 4*q + 1078 = 51*b. What is the remainder when b is divided by 193?
17
Let o(y) = 29*y**2 + 1042*y - 18. Calculate the remainder when 102 is divided by o(-36).
48
Let s = -23672 + 23705. Let v = 275 - 410. Let b = 265 + v. Calculate the remainder when b is divided by s.
31
Suppose -5*f + 84 = -326. Let j = f + -24. Let c(x) = -x**3 - 4*x**2 + 6*x - 6. What is the remainder when j is divided by c(-6)?
28
Let g = 3257 + -2159. What is the remainder when g is divided by 25?
23
Let y = -8911 - -8999. What is the remainder when 259 is divided by y?
83
Let v(m) = -m**2 + 31*m - 28. Let i be v(30). Suppose -i*j - 5*y + 8 - 3 = 0, -2*j + 55 = -5*y. What is the remainder when 42 is divided by j?
12
Let a = 15378 + -15314. Calculate the remainder when 529 is divided by a.
17
Suppose -9*n + 10*n = 14. Let z(b) = -14*b - n - 30 + 7. What is the remainder when z(-8) is divided by 11?
9
Let j(w) = 3*w**2 - 25*w + 14. Let q be j(10). Suppose -d = 3*m - 10, -5*d + 0*d = m - q. What is the remainder when (111/(-9))/((-9)/54) is divided by d?
9
Suppose 0 = 2*r + 2*r - 548. Let b = 1084 - 1087. Calculate the remainder when r is divided by 1748/(-114)*b/2.
22
Let s = 16 - 14. Suppose 6 = s*d + 2. Suppose -5*y = -d*y - 48. What is the remainder when 47 is divided by y?
15
Suppose -2*t + 74*y - 73*y + 1949 = 0, 4*y + 3884 = 4*t. Calculate the remainder when t is divided by 975.
3
Suppose -5*z + 50 = 5*y, -2*y - 5 = -2*z + 3. Suppose -z*p = -8*p + 39. What is the remainder when 59 is divided by p?
20
Suppose -82 - 88 = -5*x. Suppose 192 + 248 = 2*f. Suppose -3*o + f = x. What is the remainder when o is divided by 9?
8
Let c = 20815 + -19238. What is the remainder when c is divided by 49?
9
Let o(y) = -27*y**2 - 7 + 28*y**2 + 25 - 15*y. Calculate the remainder when -14*(4/(-8) - 0) is divided by o(14).
3
Suppose r - 18 = 25. Let j = -20 + r. Calculate the remainder when j is divided by ((-2)/7)/1 - (-464)/56.
7
Let a = 2801 - 2475. What is the remainder when a is divided by 103?
17
Let u be -5 + (6 - -2) + -3 + 2. Suppose -u*i + 44 = -4*x, -2*i + 41 = -3*x - 5. What is the remainder when 73 is divided by i?
21
Let a(w) = -w + 12. Let c be a(5). Suppose 3*l + 28 = c*l. What is the remainder when 35 - 169/39*-3 is divided by l?
6
Suppose 0 = 63*r - 7961 + 2436 - 2602. What is the remainder when 782 is divided by r?
8
Let a(q) = -8*q - 46. Let z be a(13). Let j = -106 - z. What is the remainder when 172 is divided by j?
40
Suppose -13*x + 3083 + 2893 = -7*x. What is the remainder when x is divided by 48?
36
Suppose -u - 510 = -2*d - 4*u, 0 = 2*d + u - 502. Let k = 324 - d. What is the remainder when k is divided by 4?
3
Let x be (18/(-3)*3)/(-1). Suppose 12330 = x*k + 3330. What is the remainder when k is divided by 84?
80
Suppose 2*r - 6 - 4 = 0. Suppose -8*m + 4*x - 54 = -10*m, -r*x - 108 = -4*m. What is the remainder when m is divided by 15?
12
Suppose -9*z = -300 - 2184. Let a = 352 - z. Calculate the remainder when 171 is divided by a.
19
Calculate the remainder when ((-1)/3 + (-45586)/(-552))/(7/28) is divided by 173.
156
Suppose -o = z - 176, 486 = 3*o + 3042*z - 3046*z. Calculate the remainder when 807 is divided by o.
127
Let d(h) = -1112*h + 8922. Suppose 0 = 4*g - 60 - 108. Calculate the remainder when g is divided by d(8).
16
Suppose 0 = 4*q - 5*i - 2552, 19*q + 4*i + 5771 = 28*q. What is the remainder when q is divided by 195?
58
Let q = -52 - -97. Let z(r) = 5*r + 3. Let n be z(6). Let w = q - n. Calculate the remainder when 47 is divided by w.
11
Suppose 0 = 18*x - 14*x - 12. Suppose 2*s - 433 = -4*f + f, -640 = -x*s + 5*f. What is the remainder when s is divided by 44?
39
Let t(d) = -51*d**2 + 385*d + 299. Suppose 0 = -4*m + 2*s + 114, 0 = 3*m + m + 5*s - 121. What is the remainder when t(8) is divided by m?
28
Suppose -35*z + 16130 = -10711 - 3749. Calculate the remainder when 885 is divided by z.
11
Suppose 3*u = m + 1, 3 = 2*u + 5. Let p = 84 + m. Suppose 0 = 2*b + 5*t - 28, -5*b + p = 4*t + 27. Calculate the remainder when 71 is divided by b.
8
Suppose 177*z - 25899 - 17013 = -78. What is the remainder when 486 is divided by z?
2
Suppose -30*s - 9*s = -6*s - 1056. Calculate the remainder when 49 is divided by s.
17
Suppose -278*n + 54050 = 930*n - 30510. Suppose x = k + 10, -2*x + 80 = 2*x + 4*k. Calculate the remainder when n is divided by x.
10
Let v = -154 + 117. Let u = 72 + v. Let q = u + -9. What is the remainder when 49 is divided by q?
23
Let h = -3936 - -4038. What is the remainder when 599 is divided by h?
89
Let o(i) = -i**3 - 8*i**2 + 14*i + 14. Suppose -3*s + 0*s = 3*j + 33, 3*s + 3 = 0. Let r(g) = 70*g - 331. What is the remainder when o(j) is divided by r(5)?
17
Suppose 799 = 10*i + 119. What is the remainder when i is divided by 9?
5
Suppose 1949 = -3*g + 5*p, 3*g + 2*p = p - 1961. Let s = g + 749. What is the remainder when s is divided by 58?
38
Suppose 0 = -4*a + 4*g + 224, -51 = -2*a + 3*g + 58. What is the remainder when 365 is divided by a?
11
Let f(o) = o**2 + 5*o - 8. Let z be f(-7). Suppose 0 = p + z*p - 2163. Calculate the remainder when p is divided by 12.
9
Let t = 651 + -641. Let k(v) = v**3 - 10*v**2 + 8. What is the remainder when 197 is divided by k(t)?
5
Let j(i) = -3*i**3 + i + 2*i**2 - 4 + 5 - 3*i - i**2. Suppose -51 = -4*b - 3*y, y = -2*b + 1 + 22. What is the remainder when j(-2) is divided by b?
6
Let g(s) be the first derivative of 811*s**3/3 - s**2 + 2*s - 21. Let w be g(2). Suppose -16*k = -w + 1114. What is the remainder when k is divided by 15?
13
Suppose 0 = 5*b + 25, 0 = -752*t + 749*t - 2*b + 8954. What is the remainder when t is divided by 16?
12
Suppose -8*w + 1587 = -2*w - 1407. What is the remainder when w is divided by 28?
23
Let s = 14 + -8. Suppose s*t - 88 = 7*t. What is the remainder when 63 is divided by (t/(-6))/((-10)/(-15))?
19
Suppose 4*v = 5*l + 48, v - 6*v - 4*l + 19 = 0. Let s = v - 2. Suppose s*z + 3*p - 111 = 0, z + z + 2*p = 42. Calculate the remainder when 117 is divided by z.
21
Suppose -246 = -5*p + 349. Suppose 2*h = 5*s - 148, 2 = -7*h + 9*h. Calculate the remainder when p is divided by s.
29
Let a(h) = -25*h + 286. Calculate the remainder when 198 is divided by a(4).
12
Let r = 13875 - 13821. Let j = 181 + 31. Calculate the remainder when j is divided by r.
50
Let d be (3 - 11)/(-2) + 24. Let a = d + 60. Calculate the remainder when 966 is divided by a.
86
Suppose 12*u - 132 = -5*y, -2*y + 44 = 11*u - 15*u. What is the remainder when 1318 is divided by y?
22
Let m be 1/(2 - (-22)/(-12)). Suppose m*z = z - 5*g - 335, z = 4*g - 92. Let q = z + 199. Calculate the remainder when q is divided by 16.
15
Suppose 29714 - 5618 + 10686 = 33*l. Calculate the remainder when l is divided by 16.
14
Suppose q = 22*q - 15172 - 9209. What is the remainder when q is divided by 106?
101
Suppose -k - 2*k = -75. Let b(g) = -2*g**2 + 30*g. Suppose 2*h + 20 = 2*a, -10 + 28 = 2*a - 3*h. What is the remainder when b(a) is divided by k?
22
Let v be 8*16 - 1 - 1. Suppose 0*t + v = 2*t. Calculate the remainder when t is divided by 3/(-27)*-201 + (-1)/3.
19
Suppose -1671*f + 1661*f + 4970 = 0. Calculate the remainder when f is divided by 184.
129
Let g = 41 + -25. Let y be (2 + 0)/(8/(-20)). What is the remainder when (4 + y)*(-93)/3 is divided by g?
15
Let v 